{"id":62,"date":"2024-10-29T11:27:39","date_gmt":"2024-10-29T11:27:39","guid":{"rendered":"https:\/\/bkam.info\/?page_id=62"},"modified":"2024-11-06T10:20:30","modified_gmt":"2024-11-06T10:20:30","slug":"informacion-general","status":"publish","type":"page","link":"https:\/\/bkam.info\/?page_id=62","title":{"rendered":"Informaci\u00f3n general"},"content":{"rendered":"\n<p class=\"has-colibri-color-6-color has-text-color has-link-color wp-elements-7791950e60d4d6951816184fa612e2b3\"><strong>Sede<\/strong><br>Hotel NH Constanza (4*)<br>Deu i Mata 69 &#8211; 99<br>Barcelona 08029<br><a href=\"https:\/\/www.google.es\/maps\/place\/Hotel+NH+Collection+Barcelona+Constanza\/@41.388855,2.1337001,17z\/data=!3m2!4b1!5s0x12a4986532a8e3c1:0xe20dec706a7d355b!4m9!3m8!1s0x12a4987ae007ca37:0x1241b67aae67e7d7!5m2!4m1!1i2!8m2!3d41.388855!4d2.136275!16s%2Fg%2F1tfhjfyb?hl=es&amp;entry=ttu&amp;g_ep=EgoyMDI0MTAyMy4wIKXMDSoASAFQAw%3D%3D\">Ver mapa<\/a><\/p>\n\n\n\n<figure class=\"wp-block-image size-medium\"><img loading=\"lazy\" decoding=\"async\" width=\"300\" height=\"200\" src=\"https:\/\/bkam.info\/wp-content\/uploads\/2024\/10\/37324278-300x200.jpg\" alt=\"\" class=\"wp-image-139\" srcset=\"https:\/\/bkam.info\/wp-content\/uploads\/2024\/10\/37324278-300x200.jpg 300w, https:\/\/bkam.info\/wp-content\/uploads\/2024\/10\/37324278-768x512.jpg 768w, https:\/\/bkam.info\/wp-content\/uploads\/2024\/10\/37324278.jpg 1024w\" sizes=\"auto, (max-width: 300px) 100vw, 300px\" \/><\/figure>\n\n\n\n<p class=\"has-colibri-color-6-color has-text-color has-link-color wp-elements-b9b954685350a135341378a5ab802918\"><strong>Web<\/strong><br>www.bkam.info<\/p>\n\n\n\n<p class=\"has-colibri-color-6-color has-text-color has-link-color wp-elements-89bac8dc98e7c0807b52681549d0886b\"><strong>Inscripciones&nbsp;<\/strong><br>Especialstas \/ Specialists:&nbsp;<br>750 \u20ac (antes del 15 de enero de 2025)<br>800\u20ac (despu\u00e9s del 15 de enero de 2025)<\/p>\n\n\n\n<p class=\"has-colibri-color-6-color has-text-color has-link-color wp-elements-ab4f3cca830c475d59bb47ff901250a1\">Residentes \/ Trainees:&nbsp;<br>400 \u20ac (antes del 15 de enero de 2025)<br>450\u20ac(despu\u00e9s del 15 de enero de 2025)<\/p>\n\n\n\n<p class=\"has-colibri-color-6-color has-text-color has-link-color wp-elements-01a33d8469267a3f3fc21edfae7b23b3\">21% IVA incl<\/p>\n\n\n\n<p class=\"has-colibri-color-6-color has-text-color has-link-color wp-elements-9539068b525832c2cc0912f41b7ff654\"><strong>Pol\u00edtica de cancelaciones<\/strong><br>Las cancelaciones hechas entre el 15 de diciembre de 2024 y el 15 de enero&nbsp; 2025 tendr\u00e1n un 20% de penalizaci\u00f3n y las cancelaciones con posterioridad a esta fecha no tendr\u00e1n derecho a devoluci\u00f3n.<\/p>\n\n\n\n<p class=\"has-colibri-color-6-color has-text-color has-link-color wp-elements-a6affa7f8b40f6b606db17df3efd57b1\">Secretar\u00eda T\u00e9cnica<br>TORRESPARDO<br>Calle N\u00e1poles 187 &#8211; 2\u00ba<br>08013 Barcelona<br>Tel +34 93 246 35 66<br><a href=\"http:\/\/www.torrespardo.com\">www.torrespardo.com<\/a><\/p>\n\n\n\n<p class=\"has-colibri-color-6-color has-text-color has-link-color wp-elements-785e4eed34cee218b136ea2c504cc2a4\">N\u00faria Monteis<br><a href=\"mailto:n.monteis@torrespardo.com\">n.monteis@torrespardo.com<\/a><\/p>\n","protected":false},"excerpt":{"rendered":"<p>SedeHotel NH Constanza (4*)Deu i Mata 69 &#8211; 99Barcelona 08029Ver mapa Webwww.bkam.info Inscripciones&nbsp;Especialstas \/ Specialists:&nbsp;750 \u20ac (antes del 15 de enero de 2025)800\u20ac (despu\u00e9s del 15 de enero de 2025) Residentes \/ Trainees:&nbsp;400 \u20ac (antes del 15 de enero de 2025)450\u20ac(despu\u00e9s del 15 de enero de 2025) 21% IVA incl Pol\u00edtica de cancelacionesLas cancelaciones hechas [&hellip;]<\/p>\n","protected":false},"author":1,"featured_media":0,"parent":0,"menu_order":0,"comment_status":"closed","ping_status":"closed","template":"","meta":{"footnotes":""},"class_list":["post-62","page","type-page","status-publish","hentry"],"_links":{"self":[{"href":"https:\/\/bkam.info\/index.php?rest_route=\/wp\/v2\/pages\/62","targetHints":{"allow":["GET"]}}],"collection":[{"href":"https:\/\/bkam.info\/index.php?rest_route=\/wp\/v2\/pages"}],"about":[{"href":"https:\/\/bkam.info\/index.php?rest_route=\/wp\/v2\/types\/page"}],"author":[{"embeddable":true,"href":"https:\/\/bkam.info\/index.php?rest_route=\/wp\/v2\/users\/1"}],"replies":[{"embeddable":true,"href":"https:\/\/bkam.info\/index.php?rest_route=%2Fwp%2Fv2%2Fcomments&post=62"}],"version-history":[{"count":3,"href":"https:\/\/bkam.info\/index.php?rest_route=\/wp\/v2\/pages\/62\/revisions"}],"predecessor-version":[{"id":172,"href":"https:\/\/bkam.info\/index.php?rest_route=\/wp\/v2\/pages\/62\/revisions\/172"}],"wp:attachment":[{"href":"https:\/\/bkam.info\/index.php?rest_route=%2Fwp%2Fv2%2Fmedia&parent=62"}],"curies":[{"name":"wp","href":"https:\/\/api.w.org\/{rel}","templated":true}]}}